actor of l and 6.
3
Let x(f) = f**2 - 4*f + 3. Let m be x(2). Let d be 3/((-3 - m)/(-8)). What is the greatest common factor of d and 4?
4
Suppose 8*c = 3*c + 100. Suppose -6*i - c = -i, 2*i + 24 = 4*y. Suppose y*t - 68 = b, -4*t - 3*b + 80 = -b. What is the greatest common divisor of 12 and t?
6
Suppose -207 + 54 = -3*m. Suppose -69 = 4*l - 5*p - 324, l - m = -3*p. Calculate the greatest common factor of l and 24.
12
Let n(p) = p**2 - 5*p - 5. Let s be n(6). Let h be 36/(-90) - 171/(-15). What is the greatest common divisor of s and h?
1
Suppose -396 = -r - r. Let k(m) = m**3 + 2*m**2 - 10*m + 3. Let l be k(3). Calculate the highest common factor of r and l.
18
Let m(s) = 20*s**2 + 3*s + 1. Let o be m(-1). What is the greatest common divisor of o and 162?
18
Suppose -3*q = -q - 180. Let g be ((-210)/4)/(-3) - 3/(-6). Calculate the greatest common factor of g and q.
18
Let x be (1 + -2)/((-2)/10). Suppose x*q = 1 + 24. Let a be 0/(0 - -1) - -40. What is the highest common divisor of q and a?
5
Suppose -4*l + f + 48 = 0, -3*l + 2*f + 28 = -3. Calculate the highest common divisor of l and 260.
13
Let o = 1 - -16. Suppose -r + 57 = -4*l + o, -4*l - 148 = -4*r. Calculate the highest common divisor of 4 and r.
4
Let l be 29 + -4 + 3 + 0. Suppose 5*k = k + l. What is the greatest common factor of 63 and k?
7
Suppose 2*g - 302 = 2*h, 3*g - 2*h = -5*h + 471. Suppose t = 15 + 2. Let v = 31 - t. What is the greatest common divisor of g and v?
14
Let k(w) = 2*w**2 + 6*w - 24. Let x be k(8). What is the highest common divisor of x and 19?
19
Let k = -5 - -11. Suppose -m - m = -k. Suppose -m*h + 4*f = -24, 8*h - 11 = 3*h - 3*f. What is the highest common divisor of h and 4?
4
Let o(k) = k**2 - 13*k + 9. Let p be o(12). Let c = p + 7. Calculate the greatest common divisor of 32 and c.
4
Suppose 0 = -17*s + 244 + 147. Calculate the greatest common divisor of s and 207.
23
Suppose -3*f - 190 = -u, 0 = f + 4*u + 53 + 6. Let b be (-9)/(-18) - f/2. What is the highest common divisor of b and 4?
4
Let z(m) = -5*m - 1. Let p be z(-6). What is the highest common divisor of 261 and p?
29
Suppose 2*g - 2 = 5*h + 9, -2*g - 13 = 3*h. Let t = g + 9. Let x = t + 11. What is the greatest common divisor of 198 and x?
18
Suppose 3*t = -4*d + 121, 3*t + 2*d - 113 = 6*d. Calculate the greatest common factor of t and 26.
13
Let f(w) = -4 - 6*w**2 + 2*w**2 - 10*w - 2 + 3*w**2. Let v be f(-8). Calculate the highest common factor of v and 20.
10
Let r be 9/63 - 2/14. Suppose r = 5*l - 4*l - 24. Calculate the greatest common factor of 12 and l.
12
Let p = -4 - -8. Suppose 120 - 22 = p*a - 2*k, 5*a = -5*k + 130. What is the greatest common factor of 25 and a?
25
Let c(o) = o**3 + 5*o**2 - 6*o + 3. Let x be c(-6). Let t be (45/(-4))/(x/(-8)). Calculate the greatest common divisor of 45 and t.
15
Let k = -120 + 237. Let q(d) = 6*d + 7. Let p be q(1). What is the highest common divisor of p and k?
13
Suppose 41 + 8 = 7*s. What is the highest common factor of s and 21?
7
Suppose -27 = -10*u + 7*u. Calculate the greatest common divisor of u and 9.
9
Suppose 5*d = -0 + 30. Suppose m - 1 = 14. Calculate the greatest common factor of m and d.
3
Let a be (-1)/(-3) + 26/3. Let z be 22 + 0/(3 - 1). Let h = 94 - z. Calculate the greatest common factor of h and a.
9
Let b = -85 + 220. Let s = b + -80. Let n be 5*1/((-5)/(-22)). Calculate the greatest common divisor of s and n.
11
Let q be 2/(-4) + (-25)/(-2). Suppose -7*i = -4*i - 150. Let c be 20/i + (-178)/(-5). What is the greatest common factor of c and q?
12
Let x(l) = l**3 + 5*l**2 - 1. Let n be x(-4). Suppose -f = 2*f - n. Suppose 61 = f*y - 199. Calculate the greatest common divisor of 13 and y.
13
Suppose -18*g + 409 = 85. Let j be 1/(-1)*1 - -3. Suppose 0 = n - 4*l + 11, -j*n - 3*l + 42 = n. Calculate the greatest common factor of g and n.
9
Suppose 5*c - 104 + 29 = 0. Let p be (4/(-5))/(2/(-5)). Suppose 0 = -p*m + 12 + 18. What is the highest common factor of m and c?
15
Let s(l) = -l**2 + 11*l - 11. Let i be s(9). Calculate the highest common divisor of i and 77.
7
Suppose 4*v + 0*v - 6 = 2*p, -21 = -4*v - p. Suppose -g + v = 0, 0*q + 3*g = -3*q - 48. Let m = 44 + q. What is the greatest common divisor of 3 and m?
3
Let k(z) be the first derivative of z**2/2 - 2*z + 3. Let d be k(8). What is the highest common factor of d and 4?
2
Let u = -10 - -6. Let n be (-3)/((9/u)/3). Suppose -4*t + 39 = -2*p + 1, -4*t + 5*p + 23 = 0. Calculate the greatest common divisor of n and t.
4
Suppose -3*z + w = -13, 1 = -z + w + 4. Suppose 4*q - 35 = 5*u, -2*q + 10 = 3*q + z*u. What is the greatest common divisor of 45 and q?
5
Let o(f) = -6*f**3 - 2*f**2 + 8*f + 8. Let m be o(-6). Suppose 3*t + 458 = m. Let q = -164 + t. Calculate the greatest common divisor of q and 13.
13
Suppose 6*u - 8*u = 0. Suppose u - 5 = -a. Calculate the greatest common factor of a and 1.
1
Suppose -b + 28 = 3*y + 4*b, b - 8 = -y. What is the greatest common factor of y and 48?
6
Let y be (38/2)/((-4)/16). Let t = y + 115. Calculate the highest common factor of 13 and t.
13
Let g(y) = 3*y - 8. Let j be g(6). Suppose a + a = 2*d - 6, -3*d - 5*a = 31. Let l be d + 0/2 - -52. What is the greatest common factor of l and j?
10
Suppose 2*t + 3 = -m, t - 4*t - 6 = m. Let l be 2/3 + (-16)/t. Calculate the greatest common divisor of 6 and l.
6
Suppose 21*u - 32 = 13*u. Let w(o) = -5*o + 2. Let a be w(-2). What is the greatest common divisor of u and a?
4
Let p = -6 + 5. Let v be 2/p*25/(-10). Let u be 14/4*2*5. Calculate the highest common divisor of u and v.
5
Let w(u) be the third derivative of u**5/60 - 5*u**4/24 + 2*u**3/3 + 3*u**2. Let j be w(8). Suppose -j = -v - v. Calculate the highest common factor of v and 7.
7
Let z(l) = l**2 - 3*l + 2. Let a be z(2). Let s be (2 - a)*(-14)/(-1). Calculate the greatest common divisor of s and 4.
4
Let a = 32 + -16. Let s(n) = -n**2 + 7*n - 2. Let f be s(5). What is the highest common divisor of f and a?
8
Suppose y - 16 = -2*k, 2*k + 7 = 2*y - 7. Let o(g) = 5*g - 10. Let f = -4 - -11. Let u be o(f). Calculate the greatest common factor of u and y.
5
Let s(r) = -3*r - 25. Let l be s(-10). Suppose n - 564 = -5*g, n + 72 = l*g - 484. What is the highest common divisor of g and 16?
16
Let b be (1 - 7)/((-3)/11). Suppose -2*i + 5*i = 33. Calculate the highest common divisor of b and i.
11
Let w be 10/(-4)*(-12)/15. Let k be 8/(-28) + (-74)/(-14). Let x = k - w. What is the greatest common factor of 15 and x?
3
Suppose 11*t = 101 - 13. What is the greatest common divisor of t and 72?
8
Let q = 38 + -24. Let c(z) = z**2 - z - 4. Let i be c(3). What is the highest common factor of i and q?
2
Suppose 0 = 4*u - 5*z - 65, -2*z + 65 - 7 = 4*u. What is the highest common divisor of u and 15?
15
Let t be 3 + 1/(2 - 1). Suppose 0 = d - t*d + 27. What is the highest common divisor of 6 and d?
3
Let x(h) = h + 28. Let u be x(-9). Calculate the highest common factor of u and 38.
19
Let b be -1 - (-40 + 0)/(-1). Let r = b + 57. Suppose q = -4*f + 22, -q + 0*q - 3 = -f. What is the highest common factor of q and r?
2
Suppose 4*h = 81 - 33. What is the greatest common divisor of 3 and h?
3
Let y(h) = 15*h + 3. Let z be y(4). Let t be 4/(-6) + (-256)/(-6). Calculate the greatest common divisor of t and z.
21
Let a be (-808)/(-56) + 3/(-7). Suppose -3*l = 4*k - 56, -5*k + 3*l = -34 - 9. Let x = k - -3. What is the greatest common factor of x and a?
14
Let r(d) = 4*d + 1. Let h be r(3). Let s = h + 5. What is the highest common divisor of s and 54?
18
Let z be (6/(-2) - 2)*-1. Suppose z*q + 6 = 71. What is the greatest common divisor of q and 143?
13
Let g = 1 + -1. Let c = g + -2. Let k = c - -5. Calculate the greatest common factor of k and 33.
3
Suppose 0 = -5*y + 2*y - 9. Suppose 0*j - 5*g = -2*j + 7, 5*j - 4*g - 43 = 0. Let f = j + y. What is the greatest common divisor of f and 88?
8
Suppose -s = u - 6, 5*u - 55 = 3*s - 1. Let z(o) = o**3 + 15*o**2 - 19*o - 47. Let x be z(-16). What is the greatest common divisor of u and x?
1
Suppose 5*o = 3 + 7. Suppose -o*w + i = -56, w - 6*w + 142 = -3*i. What is the highest common factor of 39 and w?
13
Let k(v) = -v**3 - 5*v**2 + 5*v + 2. Let i be k(-6). Suppose 2*y = -31 + 175. What is the greatest common diviso